{"id":90,"date":"2020-04-14T14:00:39","date_gmt":"2020-04-14T14:00:39","guid":{"rendered":"https:\/\/ninaclarissafrenzel.de\/?page_id=90"},"modified":"2026-04-05T15:15:16","modified_gmt":"2026-04-05T15:15:16","slug":"aktuelles","status":"publish","type":"page","link":"https:\/\/ninaclarissafrenzel.de\/index.php\/aktuelles\/","title":{"rendered":"Zu Anfang"},"content":{"rendered":"\n<p class=\"has-text-align-center has-medium-font-size\"><br><em>Jeder Mensch ist ein Same<br>gepflanzt in die dichte Erde.<br>Und jedem geb\u00fchrt derselbe Name,<br>die Erf\u00fcllung: &#8222;Sei und Werde<br>Selbst!&#8220;<\/em><\/p>\n\n\n\n<p class=\"has-text-align-center\" style=\"font-size:16px\"><em>Auszug aus &#8222;Der S\u00e4mann&#8220;<\/em><\/p>\n\n\n\n<p><br><br><br><\/p>\n\n\n\n<p class=\"has-text-align-center has-medium-font-size\" id=\"viewer-wj4dv553\">Irgendwo in seinen innersten, unbeschreibbaren R\u00e4umen, <br>tr\u00e4gt jeder Mensch ein Urbild seiner selbst in sich, seiner eigenen Vollkommenheit. <br>Es ist wie ein Samenkorn, in welchem schon der Duft, die Farbe und Form seiner Bl\u00fcte vollendet innewohnt. <br>Seine Bestimmung ist es, sich diesem Weg der Vollendung anheim zu geben, um letztlich,<br> aus der bl\u00fctengeborenen Frucht, wieder Quelle f\u00fcr neuen Samen zu werden. <br>Seine Vollkommenheit entsteht also aus der st\u00e4ndigen Hingabe an diese Verwandlung.<br><\/p>\n\n\n\n<p class=\"has-text-align-center has-medium-font-size\" id=\"viewer-wj4dv553\"><br>Es ist die Geschichte des Menschen. Desjenigen, der zeitlos geworden ist <br>und f\u00fcr den weder Anfang noch Ende existieren, sondern einzig das ewige<br> &#8222;ES IST&#8220;.<br><br>Zu Anfang meint also: immer wieder und immer wieder neu.<br>Auf dieser Seite werden zum Beginn einer neuen Woche <br>Ausz\u00fcge aus meinem k\u00fcnstlerischen Schaffen; aus Werken Anderer, die meine Tage begleiten <br>oder aber einfach Gedanken \u00fcber mein innerstes Bild des Menschen erscheinen.<br><br>Diese kurzen Texte erscheinen auch auf dem Telegram-Kanal:<br>Feuervogel &#8211; Aufbruch zum Wesen<\/p>\n\n\n\n<p class=\"has-text-align-center has-medium-font-size\" id=\"viewer-wj4dv553\"><a href=\"https:\/\/t.me\/+YRlG9jvmlPQ0N2My\" data-type=\"link\" data-id=\"https:\/\/t.me\/+YRlG9jvmlPQ0N2My\">t.me\/+YRlG9jvmlPQ0N2My<\/a><\/p>\n\n\n\n<p class=\"has-text-align-center has-medium-font-size\" id=\"viewer-wj4dv553\"><\/p>\n\n\n<div class=\"wp-block-image\">\n<figure class=\"aligncenter size-full is-resized\"><img loading=\"lazy\" decoding=\"async\" width=\"500\" height=\"500\" src=\"https:\/\/ninaclarissafrenzel.de\/wp-content\/uploads\/2025\/06\/image-1.png\" alt=\"\" class=\"wp-image-1549\" style=\"width:204px;height:auto\" srcset=\"https:\/\/ninaclarissafrenzel.de\/wp-content\/uploads\/2025\/06\/image-1.png 500w, https:\/\/ninaclarissafrenzel.de\/wp-content\/uploads\/2025\/06\/image-1-300x300.png 300w, https:\/\/ninaclarissafrenzel.de\/wp-content\/uploads\/2025\/06\/image-1-150x150.png 150w, https:\/\/ninaclarissafrenzel.de\/wp-content\/uploads\/2025\/06\/image-1-75x75.png 75w\" sizes=\"auto, (max-width: 500px) 100vw, 500px\" \/><\/figure>\n<\/div>\n\n\n<p class=\"has-text-align-center has-medium-font-size\" id=\"viewer-wj4dv553\"><br><br><br><br><br><\/p>\n\n\n\n<p><\/p>\n\n\n\n<h2 class=\"wp-block-heading has-text-align-center has-medium-font-size\" id=\"viewer-wj4dv553\">Zeichen auf dem Weg<\/h2>\n\n\n\n<p><br><br><\/p>\n\n\n\n<p class=\"has-text-align-center has-medium-font-size\"><strong>Die Welt hinter der Welt<\/strong><br><br>Hinter dem gro\u00dfen Spieltisch,\u00a0 \u00a0 \u00a0<br>auf dem verbissen oder langeweilt\u00a0<br>lautzeternd oder stillverschweigt, \u00a0 \u00a0<br>leger oder steif vorn \u00fcber geneigt<br>ein gro\u00dfes Kartengemisch<br><br>mit Abbildern von allen Lebenvarianten<br>und von allen Toden<br>von Menschenhand geschoben<br>und verspielt, heimlich angehoben<br>oder offen, in eleganten\u00a0<br><br>Weisen hantiert werden,\u00a0<br>hinter diesem Tisch, diesem Spielezelt\u00a0<br>liegt die Welt hinter der Welt.\u00a0<br>Dreht man sich um, dann stellt<br>sich jenes sehnsuchtsschwere<br><br>Schimmern in die Augen ein<br>das wei\u00df, es gibt noch einen andren Sinn.<br>Es ist des Wanderers Hoffen, nicht im Gewinn,<br>sondern hinter der Welten Anbeginn\u00a0<br>irgendwo ein Licht, noch heller, als der Schein<br><br>der blo\u00dfen Sonnenglut zu schauen.<br>Was ihn \u00fcberkam, gleichsam \u00fcberfiel\u00a0<br>war das hehre, unbedingte Ziel<br>hinter diesem unbewussten Spiel\u00a0<br>seine Welt und seine Sonne zu erbauen.<br><br>Da stand er auf und ging<br>und lie\u00df die Leute spielen,<br>lachte, wie sie sich im Spiele selbst gefielen<br>und hob den Vorhang seiner Augenschwielen<br>auf und sah: hinter jedem Ding<br><br>stand seine Welt, stand<br>seine Sonne, stand sein Garten.<br>Und er lie\u00df nicht Einen davor warten,<br>sondern zeigte, offenbarte\u00a0<br>wen die Sehnsucht \u00fcbermannt,<br><br>dass nicht im \u00e4u\u00dfren Schein,<br>sondern im Innern alle Freiheit liegt.<br>Und still vergn\u00fcgt,<br>sich selbst und alles unbewusste Spiel besiegt<br>ging er aus und ging er ein<br><br>in der Welten Doppelsein.<\/p>\n\n\n\n<p class=\"has-text-align-center has-medium-font-size\"><\/p>\n\n\n\n<p class=\"has-text-align-center has-medium-font-size\"><br><\/p>\n","protected":false},"excerpt":{"rendered":"<p>Jeder Mensch ist ein Samegepflanzt in die dichte Erde.Und jedem geb\u00fchrt derselbe Name,die Erf\u00fcllung: &#8222;Sei und WerdeSelbst!&#8220; Auszug aus &#8222;Der S\u00e4mann&#8220; Irgendwo in seinen innersten, unbeschreibbaren R\u00e4umen, tr\u00e4gt jeder Mensch ein Urbild seiner selbst in sich, seiner eigenen Vollkommenheit. Es ist wie ein Samenkorn, in welchem schon der Duft, die Farbe und Form seiner Bl\u00fcte vollendet innewohnt. Seine Bestimmung ist es, sich diesem Weg der Vollendung anheim zu geben, um letztlich, aus der bl\u00fctengeborenen Frucht, wieder Quelle f\u00fcr neuen Samen zu werden. Seine Vollkommenheit entsteht also aus der st\u00e4ndigen Hingabe an diese Verwandlung. Es ist die Geschichte des Menschen. Desjenigen, der zeitlos geworden ist und f\u00fcr den weder Anfang noch Ende existieren, sondern einzig das ewige &#8222;ES IST&#8220;. Zu Anfang meint also: immer wieder und immer wieder neu.Auf dieser Seite werden zum Beginn einer neuen Woche Ausz\u00fcge aus meinem k\u00fcnstlerischen Schaffen; aus Werken Anderer, die meine Tage begleiten oder aber einfach Gedanken \u00fcber mein innerstes Bild des Menschen erscheinen. Diese kurzen Texte erscheinen auch auf dem Telegram-Kanal:Feuervogel &#8211; Aufbruch zum Wesen t.me\/+YRlG9jvmlPQ0N2My Zeichen auf dem Weg Die Welt hinter der Welt Hinter dem gro\u00dfen Spieltisch,\u00a0 \u00a0 \u00a0auf dem verbissen oder langeweilt\u00a0lautzeternd oder stillverschweigt, \u00a0 \u00a0leger oder steif vorn \u00fcber geneigtein gro\u00dfes Kartengemisch mit Abbildern von allen Lebenvariantenund von allen Todenvon Menschenhand geschobenund verspielt, heimlich angehobenoder offen, in eleganten\u00a0 Weisen hantiert werden,\u00a0hinter diesem Tisch, diesem Spielezelt\u00a0liegt die Welt hinter der Welt.\u00a0Dreht man sich um, dann stelltsich jenes sehnsuchtsschwere Schimmern in die Augen eindas wei\u00df, es gibt noch einen andren Sinn.Es ist des Wanderers Hoffen, nicht im Gewinn,sondern hinter der Welten Anbeginn\u00a0irgendwo ein Licht, noch heller, als der Schein der blo\u00dfen Sonnenglut zu schauen.Was ihn \u00fcberkam, gleichsam \u00fcberfiel\u00a0war das hehre, unbedingte Zielhinter diesem unbewussten Spiel\u00a0seine Welt und seine Sonne zu erbauen. Da stand er auf und gingund lie\u00df die Leute spielen,lachte, wie sie sich im Spiele selbst gefielenund hob den Vorhang seiner Augenschwielenauf und sah: hinter jedem Ding stand seine Welt, standseine Sonne, stand sein Garten.Und er lie\u00df nicht Einen davor warten,sondern zeigte, offenbarte\u00a0wen die Sehnsucht \u00fcbermannt, dass nicht im \u00e4u\u00dfren Schein,sondern im Innern alle Freiheit liegt.Und still vergn\u00fcgt,sich selbst und alles unbewusste Spiel besiegtging er aus und ging er ein in der Welten Doppelsein.<\/p>\n","protected":false},"author":1,"featured_media":0,"parent":0,"menu_order":0,"comment_status":"closed","ping_status":"closed","template":"","meta":{"_uag_custom_page_level_css":"","footnotes":""},"class_list":["post-90","page","type-page","status-publish","hentry"],"uagb_featured_image_src":{"full":false,"thumbnail":false,"medium":false,"medium_large":false,"large":false,"1536x1536":false,"2048x2048":false,"bard-slider-full-thumbnail":false,"bard-full-thumbnail":false,"bard-grid-thumbnail":false,"bard-list-thumbnail":false,"bard-single-navigation":false},"uagb_author_info":{"display_name":"admin","author_link":"https:\/\/ninaclarissafrenzel.de\/index.php\/author\/ninaclarissafrenzel\/"},"uagb_comment_info":0,"uagb_excerpt":"Jeder Mensch ist ein Samegepflanzt in die dichte Erde.Und jedem geb\u00fchrt derselbe Name,die Erf\u00fcllung: &#8222;Sei und WerdeSelbst!&#8220; Auszug aus &#8222;Der S\u00e4mann&#8220; Irgendwo in seinen innersten, unbeschreibbaren R\u00e4umen, tr\u00e4gt jeder Mensch ein Urbild seiner selbst in sich, seiner eigenen Vollkommenheit. Es ist wie ein Samenkorn, in welchem schon der Duft, die Farbe und Form seiner Bl\u00fcte&hellip;","_links":{"self":[{"href":"https:\/\/ninaclarissafrenzel.de\/index.php\/wp-json\/wp\/v2\/pages\/90","targetHints":{"allow":["GET"]}}],"collection":[{"href":"https:\/\/ninaclarissafrenzel.de\/index.php\/wp-json\/wp\/v2\/pages"}],"about":[{"href":"https:\/\/ninaclarissafrenzel.de\/index.php\/wp-json\/wp\/v2\/types\/page"}],"author":[{"embeddable":true,"href":"https:\/\/ninaclarissafrenzel.de\/index.php\/wp-json\/wp\/v2\/users\/1"}],"replies":[{"embeddable":true,"href":"https:\/\/ninaclarissafrenzel.de\/index.php\/wp-json\/wp\/v2\/comments?post=90"}],"version-history":[{"count":217,"href":"https:\/\/ninaclarissafrenzel.de\/index.php\/wp-json\/wp\/v2\/pages\/90\/revisions"}],"predecessor-version":[{"id":1897,"href":"https:\/\/ninaclarissafrenzel.de\/index.php\/wp-json\/wp\/v2\/pages\/90\/revisions\/1897"}],"wp:attachment":[{"href":"https:\/\/ninaclarissafrenzel.de\/index.php\/wp-json\/wp\/v2\/media?parent=90"}],"curies":[{"name":"wp","href":"https:\/\/api.w.org\/{rel}","templated":true}]}}