{"id":431,"date":"2022-04-27T21:40:01","date_gmt":"2022-04-27T21:40:01","guid":{"rendered":"https:\/\/ninaclarissafrenzel.de\/?page_id=431"},"modified":"2026-04-05T15:07:48","modified_gmt":"2026-04-05T15:07:48","slug":"zimmervermietung","status":"publish","type":"page","link":"https:\/\/ninaclarissafrenzel.de\/index.php\/zimmervermietung\/","title":{"rendered":"Konzerttermine 2026"},"content":{"rendered":"\n<p><br><br><br><\/p>\n\n\n\n<p class=\"has-text-align-center has-medium-font-size\"><strong>Vorstellung &#8222;Punkt, Punkt, Komma, Strich&#8220; <br>am 12.04. um 10Uhr im Theater des Lachens Frankfurt Oder<\/strong><br><br>Weitere Termine:<br>\u00a0<a>Dienstag | 14.04.2026 | 09:30 | nur mit Reservierung<\/a><br><a>Mittwoch | 15.04.2026 | 09:30 | nur mit Reservierung<\/a><br><br><br><br><br><br><\/p>\n\n\n\n<p class=\"has-text-align-center has-black-color has-text-color has-link-color has-medium-font-size wp-elements-0524139e75d29d3373381978cd006c34\"><br><strong>&#8222;Die K\u00f6nigin der Farben&#8220; im Theater des Lachens Frankfurt Oder<\/strong><br>(Ziegelstra\u00dfe 31, 15230 Frankfurt Oder)<br><br><em>Die kleine K\u00f6nigin schl\u00e4ft noch. Aber wenn sie erwacht ist, gibt es kein Sek\u00fcndchen Pause <\/em><br><em>mehr f\u00fcr den Hofmusiker und die Hofmalerin. Denn die beiden sind daf\u00fcr verantwortlich, dass es ein sch\u00f6ner Tag wird\u2026<\/em><br>Ein Spiel f\u00fcr eine kleine K\u00f6nigin, mehrere Pinsel, viel Papier, ein Wasserglas, einige Farben,<br>ein Cello, einen Hofmusiker und eine Hofmalerin.<br><br><a href=\"https:\/\/www.theaterdeslachens.de\/de\/detail-repertoir\/koenigin-der-farben\">https:\/\/www.theaterdeslachens.de\/de\/detail-repertoir\/koenigin-der-farben<\/a><br><br><br>Weitere Termine:<br><br>Freitag zur &#8222;Langen Nacht der Fr\u00fchjahrsm\u00e4rchen&#8220; | 10.04.2026 | 19:00 <br><a href=\"https:\/\/www.theaterdeslachens.de\/de\/detail-repertoir\/die-lange-nacht-der-fruhjahrsmarchen\">Reservierung hier<\/a><br>Sonntag | 19.04.2026 | 10:00 <br><a>Dienstag | 21.04.2026 | 09:30 | nur mit Reservierung<\/a><br><br><br><br><br><br><br><\/p>\n\n\n\n<p class=\"has-text-align-center has-medium-font-size\"><strong>Konzert zu den Kunst Loose Tagen 2026<\/strong><br>am 16.05.2026, um 19:15Uhr in der Scheune Klein Neuendorfer Stra\u00dfe 5 (Karola Wirth)<\/p>\n\n\n<div class=\"wp-block-image\">\n<figure class=\"aligncenter size-large\"><img loading=\"lazy\" decoding=\"async\" width=\"724\" height=\"1024\" src=\"https:\/\/ninaclarissafrenzel.de\/wp-content\/uploads\/2026\/03\/Herzliche-Einladung-724x1024.jpg\" alt=\"\" class=\"wp-image-1885\" srcset=\"https:\/\/ninaclarissafrenzel.de\/wp-content\/uploads\/2026\/03\/Herzliche-Einladung-724x1024.jpg 724w, https:\/\/ninaclarissafrenzel.de\/wp-content\/uploads\/2026\/03\/Herzliche-Einladung-212x300.jpg 212w, https:\/\/ninaclarissafrenzel.de\/wp-content\/uploads\/2026\/03\/Herzliche-Einladung-768x1086.jpg 768w, https:\/\/ninaclarissafrenzel.de\/wp-content\/uploads\/2026\/03\/Herzliche-Einladung-1086x1536.jpg 1086w, https:\/\/ninaclarissafrenzel.de\/wp-content\/uploads\/2026\/03\/Herzliche-Einladung-1448x2048.jpg 1448w, https:\/\/ninaclarissafrenzel.de\/wp-content\/uploads\/2026\/03\/Herzliche-Einladung-1140x1613.jpg 1140w, https:\/\/ninaclarissafrenzel.de\/wp-content\/uploads\/2026\/03\/Herzliche-Einladung-scaled.jpg 1810w\" sizes=\"auto, (max-width: 724px) 100vw, 724px\" \/><\/figure>\n<\/div>","protected":false},"excerpt":{"rendered":"<p>Vorstellung &#8222;Punkt, Punkt, Komma, Strich&#8220; am 12.04. um 10Uhr im Theater des Lachens Frankfurt Oder Weitere Termine:\u00a0Dienstag | 14.04.2026 | 09:30 | nur mit ReservierungMittwoch | 15.04.2026 | 09:30 | nur mit Reservierung &#8222;Die K\u00f6nigin der Farben&#8220; im Theater des Lachens Frankfurt Oder(Ziegelstra\u00dfe 31, 15230 Frankfurt Oder) Die kleine K\u00f6nigin schl\u00e4ft noch. Aber wenn sie erwacht ist, gibt es kein Sek\u00fcndchen Pause mehr f\u00fcr den Hofmusiker und die Hofmalerin. Denn die beiden sind daf\u00fcr verantwortlich, dass es ein sch\u00f6ner Tag wird\u2026Ein Spiel f\u00fcr eine kleine K\u00f6nigin, mehrere Pinsel, viel Papier, ein Wasserglas, einige Farben,ein Cello, einen Hofmusiker und eine Hofmalerin. https:\/\/www.theaterdeslachens.de\/de\/detail-repertoir\/koenigin-der-farben Weitere Termine: Freitag zur &#8222;Langen Nacht der Fr\u00fchjahrsm\u00e4rchen&#8220; | 10.04.2026 | 19:00 Reservierung hierSonntag | 19.04.2026 | 10:00 Dienstag | 21.04.2026 | 09:30 | nur mit Reservierung Konzert zu den Kunst Loose Tagen 2026am 16.05.2026, um 19:15Uhr in der Scheune Klein Neuendorfer Stra\u00dfe 5 (Karola Wirth)<\/p>\n","protected":false},"author":1,"featured_media":0,"parent":0,"menu_order":0,"comment_status":"closed","ping_status":"closed","template":"","meta":{"_uag_custom_page_level_css":"","footnotes":""},"class_list":["post-431","page","type-page","status-publish","hentry"],"uagb_featured_image_src":{"full":false,"thumbnail":false,"medium":false,"medium_large":false,"large":false,"1536x1536":false,"2048x2048":false,"bard-slider-full-thumbnail":false,"bard-full-thumbnail":false,"bard-grid-thumbnail":false,"bard-list-thumbnail":false,"bard-single-navigation":false},"uagb_author_info":{"display_name":"admin","author_link":"https:\/\/ninaclarissafrenzel.de\/index.php\/author\/ninaclarissafrenzel\/"},"uagb_comment_info":0,"uagb_excerpt":"Vorstellung &#8222;Punkt, Punkt, Komma, Strich&#8220; am 12.04. um 10Uhr im Theater des Lachens Frankfurt Oder Weitere Termine:\u00a0Dienstag | 14.04.2026 | 09:30 | nur mit ReservierungMittwoch | 15.04.2026 | 09:30 | nur mit Reservierung &#8222;Die K\u00f6nigin der Farben&#8220; im Theater des Lachens Frankfurt Oder(Ziegelstra\u00dfe 31, 15230 Frankfurt Oder) Die kleine K\u00f6nigin schl\u00e4ft noch. Aber wenn sie&hellip;","_links":{"self":[{"href":"https:\/\/ninaclarissafrenzel.de\/index.php\/wp-json\/wp\/v2\/pages\/431","targetHints":{"allow":["GET"]}}],"collection":[{"href":"https:\/\/ninaclarissafrenzel.de\/index.php\/wp-json\/wp\/v2\/pages"}],"about":[{"href":"https:\/\/ninaclarissafrenzel.de\/index.php\/wp-json\/wp\/v2\/types\/page"}],"author":[{"embeddable":true,"href":"https:\/\/ninaclarissafrenzel.de\/index.php\/wp-json\/wp\/v2\/users\/1"}],"replies":[{"embeddable":true,"href":"https:\/\/ninaclarissafrenzel.de\/index.php\/wp-json\/wp\/v2\/comments?post=431"}],"version-history":[{"count":87,"href":"https:\/\/ninaclarissafrenzel.de\/index.php\/wp-json\/wp\/v2\/pages\/431\/revisions"}],"predecessor-version":[{"id":1889,"href":"https:\/\/ninaclarissafrenzel.de\/index.php\/wp-json\/wp\/v2\/pages\/431\/revisions\/1889"}],"wp:attachment":[{"href":"https:\/\/ninaclarissafrenzel.de\/index.php\/wp-json\/wp\/v2\/media?parent=431"}],"curies":[{"name":"wp","href":"https:\/\/api.w.org\/{rel}","templated":true}]}}

<p><br><br><br></p>



<p class="has-text-align-center has-medium-font-size"><strong>Vorstellung &#8222;Punkt, Punkt, Komma, Strich&#8220; <br>am 12.04. um 10Uhr im Theater des Lachens Frankfurt Oder</strong><br><br>Weitere Termine:<br> <a>Dienstag | 14.04.2026 | 09:30 | nur mit Reservierung</a><br><a>Mittwoch | 15.04.2026 | 09:30 | nur mit Reservierung</a><br><br><br><br><br><br></p>



<p class="has-text-align-center has-black-color has-text-color has-link-color has-medium-font-size wp-elements-0524139e75d29d3373381978cd006c34"><br><strong>&#8222;Die Königin der Farben&#8220; im Theater des Lachens Frankfurt Oder</strong><br>(Ziegelstraße 31, 15230 Frankfurt Oder)<br><br><em>Die kleine Königin schläft noch. Aber wenn sie erwacht ist, gibt es kein Sekündchen Pause </em><br><em>mehr für den Hofmusiker und die Hofmalerin. Denn die beiden sind dafür verantwortlich, dass es ein schöner Tag wird…</em><br>Ein Spiel für eine kleine Königin, mehrere Pinsel, viel Papier, ein Wasserglas, einige Farben,<br>ein Cello, einen Hofmusiker und eine Hofmalerin.<br><br><a href="https://www.theaterdeslachens.de/de/detail-repertoir/koenigin-der-farben">https://www.theaterdeslachens.de/de/detail-repertoir/koenigin-der-farben</a><br><br><br>Weitere Termine:<br><br>Freitag zur &#8222;Langen Nacht der Frühjahrsmärchen&#8220; | 10.04.2026 | 19:00 <br><a href="https://www.theaterdeslachens.de/de/detail-repertoir/die-lange-nacht-der-fruhjahrsmarchen">Reservierung hier</a><br>Sonntag | 19.04.2026 | 10:00 <br><a>Dienstag | 21.04.2026 | 09:30 | nur mit Reservierung</a><br><br><br><br><br><br><br></p>



<p class="has-text-align-center has-medium-font-size"><strong>Konzert zu den Kunst Loose Tagen 2026</strong><br>am 16.05.2026, um 19:15Uhr in der Scheune Klein Neuendorfer Straße 5 (Karola Wirth)</p>


<div class="wp-block-image">
<figure class="aligncenter size-large"><img loading="lazy" decoding="async" width="724" height="1024" src="https://ninaclarissafrenzel.de/wp-content/uploads/2026/03/Herzliche-Einladung-724x1024.jpg" alt="" class="wp-image-1885" srcset="https://ninaclarissafrenzel.de/wp-content/uploads/2026/03/Herzliche-Einladung-724x1024.jpg 724w, https://ninaclarissafrenzel.de/wp-content/uploads/2026/03/Herzliche-Einladung-212x300.jpg 212w, https://ninaclarissafrenzel.de/wp-content/uploads/2026/03/Herzliche-Einladung-768x1086.jpg 768w, https://ninaclarissafrenzel.de/wp-content/uploads/2026/03/Herzliche-Einladung-1086x1536.jpg 1086w, https://ninaclarissafrenzel.de/wp-content/uploads/2026/03/Herzliche-Einladung-1448x2048.jpg 1448w, https://ninaclarissafrenzel.de/wp-content/uploads/2026/03/Herzliche-Einladung-1140x1613.jpg 1140w, https://ninaclarissafrenzel.de/wp-content/uploads/2026/03/Herzliche-Einladung-scaled.jpg 1810w" sizes="auto, (max-width: 724px) 100vw, 724px" /></figure>
</div>

<p>Vorstellung &#8222;Punkt, Punkt, Komma, Strich&#8220; am 12.04. um 10Uhr im Theater des Lachens Frankfurt Oder Weitere Termine: Dienstag | 14.04.2026 | 09:30 | nur mit ReservierungMittwoch | 15.04.2026 | 09:30 | nur mit Reservierung &#8222;Die Königin der Farben&#8220; im Theater des Lachens Frankfurt Oder(Ziegelstraße 31, 15230 Frankfurt Oder) Die kleine Königin schläft noch. Aber wenn sie erwacht ist, gibt es kein Sekündchen Pause mehr für den Hofmusiker und die Hofmalerin. Denn die beiden sind dafür verantwortlich, dass es ein schöner Tag wird…Ein Spiel für eine kleine Königin, mehrere Pinsel, viel Papier, ein Wasserglas, einige Farben,ein Cello, einen Hofmusiker und eine Hofmalerin. https://www.theaterdeslachens.de/de/detail-repertoir/koenigin-der-farben Weitere Termine: Freitag zur &#8222;Langen Nacht der Frühjahrsmärchen&#8220; | 10.04.2026 | 19:00 Reservierung hierSonntag | 19.04.2026 | 10:00 Dienstag | 21.04.2026 | 09:30 | nur mit Reservierung Konzert zu den Kunst Loose Tagen 2026am 16.05.2026, um 19:15Uhr in der Scheune Klein Neuendorfer Straße 5 (Karola Wirth)</p>

Vorstellung &#8222;Punkt, Punkt, Komma, Strich&#8220; am 12.04. um 10Uhr im Theater des Lachens Frankfurt Oder Weitere Termine: Dienstag | 14.04.2026 | 09:30 | nur mit ReservierungMittwoch | 15.04.2026 | 09:30 | nur mit Reservierung &#8222;Die Königin der Farben&#8220; im Theater des Lachens Frankfurt Oder(Ziegelstraße 31, 15230 Frankfurt Oder) Die kleine Königin schläft noch. Aber wenn sie&hellip;
